 (3 - 0) + (17 - 29)?
-9
(14 - (45 - 60)) + -11 + -2 + 2
18
Calculate -1 - (10 + -14 - (4 + -23)).
-16
What is the value of (-16 + (8 - 2) - -5) + 11?
6
Evaluate -8 + (-3 - -36 - (-7 + -1 + -2)).
35
0 + (-9 - (-1 - 5) - (7 + -6))
-4
What is the value of 8 - (-1 + 15) - 5?
-11
Evaluate (0 + 3 - (8 + 6)) + -143 + 150.
-4
What is 1 + -2 + 6 + -3 + 3?
5
(-24 - (-22 + 11)) + 10
-3
Calculate 29 - -1 - (11 + -18) - 12.
25
Evaluate -9 + (-4 - 8) + -8 + 11.
-18
Evaluate 218 + -207 + (-13 - -1).
-1
Evaluate (-14 - -10) + (2 + -1 - 2).
-5
What is -4 + -1 - (-141 + 140)?
-4
Calculate 4 + 3 + (0 - 5) + -2 + 0.
0
What is 9 + (-17 - (-19 + -3))?
14
Evaluate 2 + -1 + 16 + -860 + 859.
16
What is (14 - 15 - 10) + -2?
-13
Evaluate (-9 - -14) + -3 - 9.
-7
-27 + 1 - ((-7 - (-24 + 1)) + -17)
-25
(-23 - (-15 - -3)) + 0 + 4 + -1
-8
6 + -1 - ((14 - (20 - 6)) + -5)
10
Calculate 4 - ((1 - -1) + 11) - 10 - 8.
-27
Evaluate 288 + -283 + 2 + 0.
7
What is -25 - ((4 - (-15 - 0)) + -17)?
-27
What is 5 - -1 - (-10 + -2 + -4 + 29)?
-7
Evaluate (-52 + 41 - -43) + -66.
-34
What is the value of 12 + 1 + 26 + -21?
18
-1 - (-126 - -117 - (1 + 7))
16
What is 1 - (1 - 2 - (-10 + -10) - -5)?
-23
-26 + -2 - (-432 - -422 - (1 - 11))
-28
1 - ((15 + 2 - 1) + 10)
-25
What is -3 + -14 - (2 + -10 + -5)?
-4
Evaluate -5 + 8 + -29 - (4 + (-11 - 1)).
-18
-17 + (220 + -227 - (-2 + -4))
-18
Calculate -9 + 10 + (-13 - (-7 + 3)).
-8
What is -24 - (-33 - -51) - -17?
-25
Calculate (-25 + 6 - -25) + -1 + -1 + -3.
1
What is the value of -14 + (17 - 14) + 7?
-4
1 + -8 - (5 + -28 + 27)
-11
Calculate 11 - (4 - 11 - ((-14 - -3) + 0)).
7
Evaluate 0 - 9 - (6 + (6 - 10) + 4).
-15
Evaluate 31 + (-19 - -13) - 35.
-10
What is 17 - (-2 - ((-8 - (9 + -8)) + 5))?
15
What is (-6 - -16 - 4) + -3 + -4 + 7?
6
What is 1 + -20 + (-2 - -15) + -5?
-11
Evaluate 18 + 3 + -4 + -9 - 2.
6
What is the value of (86 - 39 - 19) + -9 + 1?
20
Evaluate 10 + -8 + -19 + -8.
-25
What is -29 + 1 + -10 + (13 - 12) + 9?
-28
Calculate -2 - (-2 - -1) - (194 + -191).
-4
What is the value of 3 - ((48 - 25) + 0 + -1 + -6)?
-13
What is the value of (-1 - -5) + (-6 - -21) + -1 + -4?
14
Evaluate -12 + 13 - (-4 + (6 + 20 - 2)).
-19
Evaluate -5 + (15 - 3) - 4 - 5.
-2
Evaluate 8 - (-9 + (9 + -27 - -11) - 6).
30
Evaluate -6 + (-6 - (-4 + 9 + -9)).
-8
Calculate -10 + 15 + -30 + 15.
-10
Calculate 26 + -19 + -37 - -15.
-15
What is -22 + (2 - (-1 - 9))?
-10
Calculate 2 - (-18 - -2) - (770 - 766).
14
Evaluate (9 - -4 - 8) + 8.
13
-107 + 113 + (-3 - (2 + -4))
5
What is 1 + -4 + (6 - (2 - -3))?
-2
Evaluate -10 - (32 + -83 + 15).
26
What is the value of 1 - -9 - (22 - 60 - -33)?
15
What is -7 + -8 - -17 - (-12 - -1)?
13
What is the value of (-31 - (-14 - 5) - -4) + -14?
-22
What is the value of (-12 - (9 - 8)) + -13?
-26
Calculate 24 - ((93 - 15) + -37).
-17
Calculate -1 + 16 + -20 + 5 + -1 - 31.
-32
Evaluate 24 + 3 - (1 - -16) - (-1 + 20).
-9
Evaluate -6 - 0 - (25 - 22).
-9
Calculate -3 - (-1 + 4 + -4) - (-109 - -113).
-6
396 + -381 + (0 - 1)
14
Calculate 32 + 41 + -77 + 42.
38
Evaluate (7 + 3 - (-12 - -36)) + 34.
20
Calculate 6 - (2 + 7 - 10).
7
What is the value of 12 + -9 + -14 + 12 - (2 + -3)?
2
What is 23 + 1 + (11 - 31) + (-3 - 2)?
-1
Calculate 90 - 75 - (12 - -8).
-5
Evaluate 8 - (31 - (73 + -33)).
17
(6 - (4 + -1 + 10)) + (0 - -4)
-3
What is 14 - ((-5 - (1 + 3)) + (-7 - -14))?
16
What is the value of 25 + -8 + 15 - 24?
8
-7 - (-17 + -14 - -14)
10
What is (-26 - -42) + 9 + -47?
-22
(24 + -8 - 28) + 54 - 12
30
What is 0 + 20 - (173 - 164)?
11
What is -4 - (2 - 2 - 4) - 6?
-6
What is the value of (-12 - (1 - (6 + (5 - 4)))) + 31?
25
Evaluate -29 + 54 + -56 + 32.
1
(-5 - (11 - 15)) + 3 + 0 + -17
-15
What is (59 - 20) + -5 + -6 + -6?
22
Evaluate 20 - (43 - 23 - -1).
-1
(-67 - (-27 + -33)) + 0 + -27
-34
Evaluate -25 + 39 + -41 + 3.
-24
What is the value of (4 - (16 + -17 + 5)) + 12?
12
(-2 - 18) + (2 - -38)
20
What is -2 - (7 - -5 - 6 - (-4 - 1))?
-13
What is the value of (-6 - ((10 - 20 - -14) + -6)) + 5?
1
Calculate -1 - -2 - (-3 + -10 + 3) - -1.
12
Calculate -43 + 18 - -12 - -5.
-8
5 + (-3 - -17) + -8
11
What is the value of ((1 - 6) + (-12 - -11) - -8) + -23?
-21
What is the value of (10 - -21) + -25 - (-17 + 3)?
20
-10 + -26 + 53 + (0 - -5 - 0)
22
Evaluate 0 - 13 - (-50 - -107 - 94).
24
(-2 - 2) + (15 - 24 - (3 + -4))
-12
What is the value of (2 - -7 - 2) + 20 + (-7 - -5)?
25
Evaluate (10 - (3 - -7)) + 1 + -6 + 0.
-5
Evaluate -34 - (1 + -20) - -10.
-5
Evaluate 3 - (-3 + 17 + -13 - (-3 + -6)).
-7
Evaluate (62 - 63) + (4 - 0).
3
What is (-20 + 9 - -21) + (-10 - -1)?
1
Evaluate (-826 - -839) + 19 + -1.
31
What is 6 - -17 - (0 + 45)?
-22
Calculate -16 + 26 + (-9 - 7).
-6
Evaluate -13 - -28 - (6 + 25).
-16
What is the value of -25 + 0 + (-1207 - -1273)?
41
What is -15 + (26 - 11) - (17 - 0)?
-17
What is the value of (-12 - (-21 - 5)) + -21?
-7
What is the value of 1 - -1 - ((13 - 12) + -5 + 2)?
4
Evaluate (-27 - 0) + 32 + -8.
-3
Calculate (9 - 19 - 11) + 35.
14
What is the value of 42 + (-68 - -29) - (-11 + (-3 - -4))?
13
What is the value of (5 - (3 - (-10 - -5))) + 6 + -3?
0
What is 0 + -8 + -44 + 43?
-9
Calculate 17 + (-7 - 8) + -14.
-12
What is 1 + (10 - 14 - -3) + 0 + 4?
4
Evaluate -1 - (19 + -4 - 8 - (0 - 7)).
-15
What is the value of (-8 - -10) + (-3 - (-4 - -2 - 0))?
1
3 + (9 - 3 - 14)
-5
Calculate -10 + 14 - -10 - (-7 + 4).
17
Evaluate (48 - 70) + -4 + 14.
-12
Evaluate (-95 + 36 - -62) + 30 + -1.
32
What is -27 + (25 - -4) + -17?
-15
-19 - (-17 + (2 - 7))
3
Evaluate 7 + -16 + 21 + -3.
9
Evaluate 16 + 10 + -3 - 20.
3
Evaluate (34 - 32) + (4 - (-7 - -4)) + 1.
10
What is 12 + 1 - (-1 + 6 + -11 + 10)?
9
94 + -101 - (-16 + 1)
8
-8 + (28 - 6) + -8 + -7 + 2
1
Evaluate -22 + 61 + -34 + (-2 - 6).
-3
What is 4 + 15 + (-31 + 2 - -25)?
15
Calculate -4 - 2 - ((2 - -2) + 7 + -4).
-13
-20 - (-54 + 5 + (23 - 15))
21
What is the value of 0 - (-2 + (-8 - 1) - 5)?
16
Evaluate 3 - (5 - -8 - -1).
-11
Calculate 19 - (25 - (-35 + 40)).
-1
What is -9 + 7 + 55 + -67?
-14
Calculate -12 + 4 + 14 + -36.
-30
Evaluate -8 - -4 - (19 + -16).
-7
Calculate -12 + (19 - (38 + -14)) + (1 - -21).
5
What is the value of (-23 - (-17 - -3)) + 1?
-8
What is the value of 8 - (4 - (-33 + 6))?
-23
13 + (-39 - -10) - -10
-6
Calculate 4 - (0 - -1) - (4071 + -4047).
-21
What is (-15 - -35) + -11 - (1 + 0 + -1)?
9
What is the value of 25 + -13 + -7 - 7?
-2
What is 19 - 16 - ((3 - 2) + 7)?
-5
(21 - 1) + 357 + -339
38
Calculate 22 - (28 + 7 + -11).
-2
(-25 - (1 - (-1 - 9 - -15))) + 3
-18
Evaluate 68 - 73 - (0 + 2 + -2 - 11).
6
Calculate -12 + 0 + (9 - 2 - 0).
-5
632 + -625 - (1 - (4 + 0))
10
Calculate (5 - (-5 + -20)) + -10 + 3 + 0.
23
What is the value of (-7 - -22) + (-3 - 56) + (-1 - -11)?
-34
Calculate -32 - -23 - (21 - 14 - (1 + 0)).
-15
-1 + 18 - (-314 - -333)
-2
Calculate 0 - 13 - (-18 - -6).
-1
Calculate 20 + (-8 - (0 + 9 + -53 + 43)).
13
What is -41 + 52 - 9 - -3?
5
Evaluate (-2 - 3) + -9 + (2 - -6) + 27.
21
-7 - 1 - ((22 - 12) + -15)
-3
Evaluate 29 + (27 - 34 - -8).
30
Calculate 2 + -1 - ((-6 - -1) + 37 + -32).
1
Evaluate 18 + -7 + 24 + -13.
22
What is -25 - (18 + -19) - (0 - 7 - -3)?
-20
Calculate -1 + -1 - 10 - (-10 - (21 + -34)).
-15
Evaluate 5 + (-55 - -35) + -10.
-25
Calculate 156 + -169 + -1 + 18.
4
What is 0 + (-12 - -3 - -19)?
10
Evaluate (-9 - -12 - (10 + 1)) + 10 + -16.
-14
What is the value of 13 - ((52 - 6) + -14 + -2)?
-17
Evaluate -39 + -6 - -7 - (5 + -12).
-31
What is -2 + (0 + -5 - 3) - -2?
-8
13 + -23 + -4 + 17 + (-6 - 1)
-4
Evaluate -116 - -101 - (-42 - 0).
27
8 + (-4 - -7 - 11) + 1
1
Evaluate -3 + (2 - 6 - -24) + 13 + -10.
20
What is -1 + -2 + 8 + (8 - (-42 + 74))?
-19
Evaluate -5 + -4 + 14 - 11.
-6
Calculate (0 - -5) + (-121 - -110) + 11.
5
Evaluate (557 - 546) + 1 + -2.
10
Evaluate 8 + -25 + -10 + 28.
1
Calculate -13 + (18 - (32 - 15)).
-12
-9 - (2 + -6 + (-2 - -11) - 6)
-8
Calculate 24 - (3 - 10 - -12 - -2).
17
Calculate 3 - (3 - 5) - (-4 + 0 + 1).
8
What is -9 - 0 - (18 - 44 - -13)?
4
(23 - (25 - 16)) + -3
11
Calculate -3 + (8 + 1 - (25 - 17)).
-2
-5 - (-9 - -1 - (-11 - 1))
-9
Calculate -80 - -92 - (-3 - (23 + -6)).
32
What is -6 + 6 + -10 + 5 + 9?
4
Evaluate -22 - -55 - 16 - 12.
5
Evaluate -74 - -80 - (1 - -3) - -13.
15
Evaluate (1 + -10 - (-112 - -109)) + (0 - -